vative of -3*q - 1/4*q**4 - 1/2*q**3 + 13 + 1/20*q**5 + 3*q**2. Give p(z).
10
Suppose -5*u - d = 34, 743*d = -u + 744*d - 2. Let t(f) = -8*f**3 + 2*f**2 - 2*f - 1. Let z(h) = -7*h**3 + h**2 - h. Let g(p) = 6*t(p) - 7*z(p). Determine g(u).
-12
Let s(b) = b**2 - 26*b + 3. Let u(m) = -75*m + 1150. Let j be u(15). What is s(j)?
-22
Suppose -615 = -7*a - 370. Let m(k) = a - 14 - 27 - k. Give m(-9).
3
Let w(s) = 6*s**2 - 5*s - 11. Suppose 0 = 371*c - 343*c - 112. Give w(c).
65
Let k(t) be the third derivative of 0 + 1/4*t**4 + 0*t + 0*t**3 + t**2. Let p(x) = 10*x - 131. Let n be p(13). Determine k(n).
-6
Let g(p) = -4 + 2*p**2 + 14*p + p - p - 7*p + 2. What is g(-5)?
13
Suppose -116 = -130*x + 1293 + 21. Let z(n) = n**3 - n**2. Let c(j) = -3*j**3 + 12*j**2 + 13*j - 21. Let a(k) = -c(k) - 2*z(k). What is a(x)?
-1
Let u(z) = 2*z**2 + 41*z - 64. Let o be u(-22). Let j(b) = -6*b**3 + 13 + 7*b**3 + 8*b**2 - 8*b - o*b**3. What is j(7)?
6
Suppose 4512*h - 4522*h = 0. Let s(l) = l**2 - l - 105. Calculate s(h).
-105
Let g(n) be the third derivative of -5*n**4/12 - n**3/6 + 2*n**2 - 5*n - 52. Let z = -2 + 1. What is g(z)?
9
Let j(q) = -6*q - 8*q + 7*q + 33. Let y be j(0). Suppose -10*n = -y - 27. Let b(o) = o**3 - 6*o**2 + 2*o - 5. Give b(n).
7
Let c(n) = 1. Let w(l) = l**2 - 2. Let q(s) = -2*c(s) - w(s). Suppose 0 = 2*r - 4*i + 6, -4*r - 3*i - 378 + 366 = 0. Give q(r).
-9
Let m(g) = 4*g + 2. Let x(b) = b**2 - 8*b + 20. Let h be x(5). Let j be ((-4)/(-3) - 1) + 68/12. Suppose h*d - 9 = -3*v, -7 = -v + 3*d - j*d. Calculate m(v).
-6
Suppose 25 = -2*f - 0*u - 3*u, 4*u = f + 7. Let m(d) be the third derivative of d**5/60 + 11*d**4/24 + 7*d**3/6 - 69*d**2 - 37*d + 1. Give m(f).
7
Let z be 58/8 - ((-21)/(-12))/(168/24). Let h(p) = p**2 - 12*p + 9. Calculate h(z).
-26
Let v(f) = 7*f**2 - 4*f + 5. Let q(s) = 31*s + 777. Let r be q(-25). Give v(r).
25
Let n be (-6 + 7)/(1 + 40/(-42)). Suppose -n*k = -34 - 113. Let a(y) = y**3 - 6*y**2 - 10*y + 8. Give a(k).
-13
Let d(r) = -12*r - 9*r**3 + 8 + 507*r**2 - 521*r**2 + 8*r**3. Calculate d(-13).
-5
Let s(p) = -2*p**3 + 19*p**2 + 5*p - 54. Let u(c) = 2*c**3 - 17*c**2 - 4*c + 48. Let k(n) = -8*s(n) - 9*u(n). Determine k(0).
0
Let k(m) = 3*m. Let d(l) = -l**2 + 3*l + 1. Let s(v) = d(v) + k(v). Suppose -4*f + 4*a - 13 - 19 = 0, f = -a. Give s(f).
-39
Let r = -6 - -9. Let s(k) = r*k + 5*k - 4*k - k**2 - 3 - k. Suppose -5*h + 36 = -2*a, -62*a - 48 = -10*h - 66*a. What is s(h)?
-21
Let c(v) = -v - 34. Let z be 23/(230/150) + 1. What is c(z)?
-50
Let y(m) = 7*m**2 - m - 8. Suppose f = 2*n - 0*n - 9, -f = 5*n - 40. Let l(o) = -7 - 2*o - 5*o**2 + n*o**2 + 4*o**2. Let s(a) = -6*l(a) + 5*y(a). What is s(7)?
2
Let z(q) = -15*q + 30*q - 5 - 17*q. Let w(p) = 3*p**2 - 88*p + 104. Let f be w(28). Calculate z(f).
11
Let k(t) be the second derivative of 1/6*t**3 + 33*t + 6*t**2 + 0. What is k(-6)?
6
Let o(q) = 21*q**2 + 20*q + 10. Let d(l) = 16*l**2 + 17*l + 9. Let p(k) = -4*d(k) + 3*o(k). Let m be ((-1 - -2) + 7)*-1. Give p(m).
-6
Let v(k) = -46*k**2 + 129*k**2 - 8*k - 38*k**2 - 7 - 44*k**2. Suppose 0 = 4*a - 39 + 11. What is v(a)?
-14
Let z(n) = -3*n**3 + 8*n**2 + 14*n - 5. Let i = 31858 + -31854. Calculate z(i).
-13
Let y(p) = -p**3 + p**2 + 6*p - 1. Suppose -57 = f - 62. Let c(h) = h**3 - 6*h + 1. Let w(g) = f*y(g) + 6*c(g). Determine w(-6).
1
Let x(j) = j**2 + j - 3. Let q be ((-3)/2)/(80/(-160)). Suppose 0 = 5*i - 2*n + 5, -q*i - 2*n = 3 + 16. Determine x(i).
3
Let l(r) = -2*r**3 + r**2 + 2*r + 1. Let b(c) = -11 - c + 7*c - 41*c**2 + 40*c**2. Let j be b(8). Let v be 21/j + 1 + (-48)/(-27). Determine l(v).
-7
Let p(q) be the first derivative of q**5/20 + q**4/3 - 2*q**3/3 - q**2/2 - 113*q - 52. Let m(v) be the first derivative of p(v). Determine m(-5).
-6
Let y(w) be the first derivative of w**5/20 - w**3/6 + 15*w**2/2 - 6*w - 104. Let m(b) be the first derivative of y(b). Determine m(0).
15
Suppose 24*d - 22*d - 2*v = 62, -3*d - 5*v + 125 = 0. Let a(n) = 2*n**2 - 69*n - 44. Calculate a(d).
-9
Let w(d) be the third derivative of -4*d**4/3 - 148*d**3/3 - 40*d**2 - 10*d. What is w(-9)?
-8
Let h(s) be the first derivative of -1/2*s**2 - 13*s - 39. Calculate h(-6).
-7
Let o be 4 + 5*(1 + -4). Let w = o - -15. Let s(k) = 10 + w*k**2 - 6 - k**3 + 5*k - 10. Determine s(5).
-6
Let m(g) = 1409*g - 2821. Let x be m(2). Let i(b) = 8*b - 7. Determine i(x).
-31
Let f be (-35)/(-245) + 1/(21/(-87)). Let k(s) = -10*s**2 + 2 + 5*s**2 + 3. Let g(d) = 11*d**2 - d - 11. Let w(h) = f*g(h) - 9*k(h). Give w(-4).
-1
Let i(w) be the third derivative of w**6/120 - w**5/5 - w**4/2 - 9*w**3/2 - 158*w**2 + 10. Calculate i(13).
-14
Let z be 12054/1394 + 6/17. Let q(c) = c**3 - 9*c**2 + c - 12. Give q(z).
-3
Let v = 675 - 669. Let h(c) = -11*c. Calculate h(v).
-66
Let o(t) = -32*t + 258. Let d be o(8). Let v(j) = 2*j - j + 3*j - 440 + 448 - d*j. Determine v(0).
8
Let h(j) = 5*j**2 + 16*j + 13. Let i(n) = -4*n**2 - 15*n - 12. Let b(f) = -3*h(f) - 4*i(f). Give b(-11).
-2
Let c(m) = -m. Let u(r) = 3*r + 15. Let p(b) = -4*c(b) - u(b). Suppose -67*f = 17 - 17. Determine p(f).
-15
Let t(g) be the second derivative of 4*g**3/3 + g**2/2 + 114*g. Let s be 12/(-9)*(-18)/24. Let f = s + -2. Calculate t(f).
-7
Let z(f) = -68*f + 89. Let t(y) = 14*y - 18. Let j(a) = 16*t(a) + 3*z(a). Determine j(1).
-1
Let f = 246 + -236. Let z(j) = -j + 1. Let s be z(-1). Let y(n) = 4*n - f*n + 4*n + 0*n**2 + n**s. What is y(1)?
-1
Let g(k) = 2*k**2 - 20*k - 64. Let h(z) = z**2 - z - 2. Let m(f) = -g(f) + 3*h(f). Let n be m(-13). Let j(x) = x**2 - 9*x - 8. Calculate j(n).
-26
Let q(m) = -13*m**2 + 49*m - 50. Let r(s) = 15*s**2 - 48*s + 54. Let w(b) = -5*q(b) - 4*r(b). Calculate w(10).
4
Let f(s) = 273*s - 984. Let t(l) = -116*l + 393. Let g(k) = 5*f(k) + 12*t(k). Determine g(-7).
-15
Let b = -99 + 106. Let p(v) be the third derivative of v**5/12 - v**4/8 - v**3/6 - 4*v**2. Let m(a) = -6*a**2 + 2*a. Let x(q) = 4*m(q) + 5*p(q). What is x(b)?
-5
Let g be (15/(-6) - 0)*2. Let v(h) = 4*h**3 - 1 - 3288*h**2 - 3298*h**2 - 3*h**3 - 10*h + 17*h + 6592*h**2. Give v(g).
-11
Let n(z) = 18*z**2 - 9*z - 15. Let k be n(-5). Let a = k + -481. Let x(c) be the first derivative of 8*c**3/3 + c + 2. What is x(a)?
9
Let j be (-1 - 52) + (-4 - -14)/(-5). Let a = -53 - j. Let b(y) = 11 + y - 3*y**a + 4*y**2 + 0*y - 8. Determine b(0).
3
Suppose 22*a - 27 = -54*a + 49*a. Let w(n) = 9*n + 5. Let j(l) = -18*l - 9. Let d(h) = 5*j(h) + 9*w(h). Calculate d(a).
-9
Let i(k) = -k**2 + 14*k - 9. Let v be (40*2)/4 + -5. Let l(y) = 4*y - 58. Let d be l(v). Let w be d/4*16 + 5. Determine i(w).
4
Let t(j) = 13*j - 56. Let v be 32/12 - 140/(-105). Determine t(v).
-4
Let b(t) = t**3 + 5*t**2 - 6. Suppose 4*s - 194 = -0*s + 2*o, 3*o = 5*s - 245. Let y = -28 - s. Let x = y - -69. What is b(x)?
-6
Let g = -3080 - -3083. Let r(a) be the first derivative of -17 + 1/4*a**4 + 1/3*a**g + a + 0*a**2. Give r(2).
13
Let h(p) = -p + 8. Let g(l) = -3*l + 33. Let z be g(10). Suppose z*m - 10 = -2*m. Suppose -m*j + 9 = -j. Determine h(j).
-1
Suppose 5*l = -4*p - 42, 0 = -5*p - 63*l + 61*l - 61. Let y(x) = -18*x - 230. Give y(p).
4
Suppose -5*a = -4*g + 1, -4*g = 6*a - 10*a - 4. Let x(l) = 2*l**2 - 5*l + 1. Calculate x(a).
4
Let g(w) = -12 + 25 - 11 - 8 + w**2 - 6 + w. Calculate g(0).
-12
Let z be 2 + -2 + 1 + -13. Let o(m) = m**2 + 13*m + 14. Determine o(z).
2
Let n be ((-8)/6)/((44/(-6))/(-11)). Let q(i) = -i. Let l = 11 - 12. Let v(h) = -6*h - 2. Let p(c) = l*v(c) + 3*q(c). Give p(n).
-4
Let k be (2/4)/((-12)/(-48)). Suppose 0*r = -4*r + 8. Let t(u) = 305*u**r - 4 + k*u + 6*u - 304*u**2. Give t(-7).
-11
Let r be (-600)/(-285) - (-4)/(-38). Let t(j) = -3 + j + 5 + 2*j**r - 6 + 2*j**2. What is t(-3)?
29
Let p be ((-273)/(-42))/((-91)/42). Let f(q) be the third derivative of q**6/120 + q**5/30 - q**3/6 - 2*q**2. Determine f(p).
-10
Let q(i) = 3*i**2 + 14314 - 2*i**2 + 14313 - 28626 - 6*i. Let o(z) = 4*z. Let c be o(1). Give q(c).
-7
Let y(a) = a. Let p(u) = -u. Let k(o) = -2*o. Let s(x) = -2*k(x) + 5*p(x). Let v(n) = 2*s(n) + 3*y(n). Suppose 4*b - 8 = 4. Give v(b).
3
Let m(q) = -q**2 - 18*q - 102. Let u be m(-8). Let b(y) = 22*y + y**2 - 11 + 8 + 9. Calculate b(u).
6
Let t(x) = -x**3 - 6*x**2 - 5*x + 5. Let b be t(-5). Let z be (b/(-3) - 0) + 34